y(3).
1
Let l(w) = 4*w - 4. Let v(q) = -6*q + 6. Let s(m) = -7*m + 7. Let c(a) = -5*s(a) + 6*v(a). Let o(f) = 3*c(f) + l(f). Calculate o(5).
4
Suppose 4*c = -2 - 10. Let n(m) = 2*m**2 + 4*m. Let a be n(c). Let s(i) = -i + 8. Give s(a).
2
Let f(s) = s**2 + s + 7. Let m(z) = z**2 + 2*z + 8. Let q(o) = -7*f(o) + 6*m(o). Determine q(6).
-7
Let w be (0 - 1)*(-6)/3. Let c(n) = -4 - n**2 + n - 2*n**2 + 4*n**w. Calculate c(-4).
8
Let a = -10 + 15. Suppose 5 = -a*o + 20. Suppose -16 = -r - o*r. Let h(c) = 4*c - 5. Determine h(r).
11
Let v be (-22)/3 + 2/6. Let p(q) = -2*q - 1. Calculate p(v).
13
Let d(l) = -l + 4. Let n(y) = -y + 5. Let v(i) = 6*d(i) - 5*n(i). Let h be 4/8 + 6/(-4). Determine v(h).
0
Let l(d) = 2*d**2 + 11*d - 14. Let q(a) = -a**2 - 7*a + 9. Let k(g) = -5*l(g) - 8*q(g). Determine k(-2).
-12
Let i be (-66)/(-9) + (-12)/36. Let x(t) = t**3 - 7*t**2 + t - t. Calculate x(i).
0
Let c(p) = -p**3 - 25*p**2 - 24*p - 1. Let n be c(-24). Let m = 3 - 2. Let i be n + m + (-2 - 1). Let a(t) = -2*t**2 - 4*t + 1. Calculate a(i).
-5
Let w(v) = -4*v + 7. Let z be -2*1*1/(-2). Let r = z + 4. Give w(r).
-13
Let m(t) = t**3 + 2*t**2 + 2*t + 1. Suppose -50 = -0*x - 5*x. Let c(d) = -5*d - d**2 + 4*d + 11*d - 1. Let p be c(x). What is m(p)?
0
Let z = 11 + -8. Let h(g) = g**2 + 4*g - z + 0*g + 0*g**2 + 0. Let w = -3 + 0. What is h(w)?
-6
Let r(x) = 2*x**2 - 4*x - 1. Let g be r(3). Suppose 2*q - m + 28 = -2*q, 3*q + 38 = g*m. Let u(w) = w**2 + 4*w - 6. Calculate u(q).
6
Let g(f) = -16*f**2 + f + 21. Let y(q) = -3*q**2 + 4. Let r(z) = z**3 + 3*z**2 + 4*z + 1. Let u be r(-3). Let a(b) = u*y(b) + 2*g(b). Determine a(2).
6
Let l(w) = -w**2 - 5*w + 3*w + 6 - 5*w. Determine l(-6).
12
Let z(p) = -p**2 - 3. Let x(g) = g**2 - 8*g - 17. Let c be x(10). Determine z(c).
-12
Let r(b) = 2*b**3 + 19*b**2 + 7*b - 19. Let z(i) = -i**3 - 10*i**2 - 4*i + 10. Let j(v) = 4*r(v) + 7*z(v). Give j(-6).
-6
Let z(n) = 6*n**2 - 2*n + 8*n - 4*n**2. Suppose 0 = x + 1 - 3. Suppose -2*f - x*r = 4, -f - 4*f - r = 18. Give z(f).
8
Let m(g) = 3*g + g**2 - 4 + 5 - 7. What is m(-8)?
34
Let p(j) = 6*j**3 - 6*j**2 + 19. Let w(h) = -7*h**3 + 7*h**2 - 19. Let f(l) = 6*p(l) + 5*w(l). Determine f(0).
19
Suppose 6*y = y. Let v be ((-2)/(-4) - -1)*2. Suppose 5*b + 3*w + w + 25 = y, -b - 16 = v*w. Let n(r) = -r**3 - 2*r**2 - r - 1. What is n(b)?
-1
Suppose 2*r = 5*s, -s + 3*s - 4 = 0. Let x = r + -5. Let c(l) = -11 + 10 + 3*l - 10*l + x*l**2 - l**2. Determine c(-3).
11
Let t(q) = 1 + 1 - 3 - 4*q**2 + 3*q**2. Let a(j) = -10*j**3 - 6*j**2 + 2*j - 6. Let g(w) = a(w) - 5*t(w). What is g(1)?
-10
Let c(i) = i**2 + i + 1. Let s be (2 + (-6)/4)*-2. Calculate c(s).
1
Let q(o) = o + 1. Let a(y) = 5*y + 10. Let r(m) = a(m) - 4*q(m). Give r(-5).
1
Let u(k) = -7*k - 6. Let a(w) = 3*w + 17 + 4*w + 13*w. Let j(l) = -6*a(l) - 17*u(l). Let q = -4 - -7. What is j(q)?
-3
Let d(h) = 7*h**3 + h**2 + 4. Let f(i) = -20*i**3 - 2*i**2 - 12. Let g(w) = 17*d(w) + 6*f(w). Determine g(4).
12
Let w(u) be the first derivative of -u**5/60 + 5*u**4/24 - u**3/3 - u**2 + 1. Let p(a) be the second derivative of w(a). Let l = -6 + 10. Give p(l).
2
Let g(n) = -n + 1. Suppose -3*l + 0*l = 0. Suppose l = 3*z - 2*z - 3. What is g(z)?
-2
Let j(m) = m**2 + 3*m - 2. Let a be j(-4). Suppose -a*h + 15 = -h. Suppose -5 + h = 2*w. Let x(k) = k**3 - 5*k**2 + 2*k - 3. Determine x(w).
7
Suppose 3*s = 2*b - b + 6, -b + 29 = 4*s. Suppose 2*x - 5*x = b. Let y(w) = 3*w + 4. Calculate y(x).
-5
Let z be (3/(-6))/(1/(-4)). Suppose z*c - c = 0. Suppose 5*k - 20 = -c*k. Let a(d) = d**2 - 3*d - 4. What is a(k)?
0
Let d(o) be the first derivative of 3*o**2/2 - o + 1. Suppose -5*q + 3*q - 6 = 0. What is d(q)?
-10
Let a(g) be the third derivative of -g**6/120 - g**5/20 + g**4/8 + 3*g**2. Give a(-3).
-9
Let w(y) = -y - 6. Let l be w(-4). Let z(b) = 7*b + 2. What is z(l)?
-12
Let q(m) = 3*m - 11. Let w be ((-3)/6)/((-2)/8). Let y(x) = -x + 5. Let h(l) = w*q(l) + 5*y(l). Let o = -7 + 11. What is h(o)?
7
Let g(y) = 5 - 15 - 4*y + 8. Suppose -w + 3*u - 13 = 0, -w + 0*w - 4*u + 22 = 0. Give g(w).
-10
Let q(s) = -4*s + 1. Suppose 4*l + 4 = 6*l. What is q(l)?
-7
Let x = 7 - 0. Let f(n) = x - n - 1 + 2*n. Calculate f(-5).
1
Let f(k) = -2*k + 2. Let d be ((-6)/4)/(3/4). Let v(q) = q**3 + q**2 - 2*q + 1. Let g be v(d). Let t = 2 + g. Give f(t).
-4
Let t(x) = -x + 13. Let y be 13 - (-3)/6*-4. Let c be t(y). Let z(j) = -j**2 - 2 + 3*j + 0 + 0*j. Determine z(c).
0
Let s(i) = -168*i**3 + 334*i**3 - 167*i**3 + 1 + 2*i. Determine s(-1).
0
Let q(j) be the first derivative of -5*j**2/2 - j + 5. Suppose -2*o + 4*p = 2*o - 8, 4*o - 3*p = 5. Give q(o).
4
Let u(t) = -2*t + 2*t + 2 + t. Let m be (14/(-21))/((-2)/105). Suppose -m = 5*g + 5*c, -5*c = -3*g - 2*g - 25. Calculate u(g).
-4
Let n(j) be the first derivative of 4*j - 1/2*j**4 + 4/3*j**3 + 0*j**2 - 2. Determine n(3).
-14
Let q be (4*2 - 1)/1. Let i be (3 - -1)*q/14. Let n(r) = -5 + r - r**i + 2 - 4*r - 2*r. What is n(-3)?
3
Let l(w) = 6*w**2 + 6*w - 1. Let n(q) = 7*q**2 + 8*q - 1. Let o(z) = -6*l(z) + 5*n(z). Calculate o(5).
-4
Let w = 3 - 1. Let m(j) = -j**2 + 2*j. Let x be m(w). Let t(q) be the second derivative of -q**4/12 - q**3/6 + q**2/2 + q. Give t(x).
1
Let h(f) = 6*f**3 - f + f**2 - 1 + f. Suppose 2*a = -4*v + 14, -v + 2 - 1 = 0. Let u = a - 6. Give h(u).
-6
Let o(g) be the first derivative of g**4/4 + 10*g**3/3 + 4*g**2 - 12*g - 3. What is o(-9)?
-3
Let i(h) = -2*h + 6. Let b(v) = -3*v + 12. Let z(g) = 3*b(g) - 5*i(g). Let o be 36/48*(0 - 24). Let a be 1*9*o/27. Calculate z(a).
0
Let t be (2 + -1)*(-3)/(-6)*6. Let n(a) = -1 - 5 - 4*a + a**2 + 5. Give n(t).
-4
Let x be ((16/4)/(-4))/1. Let p be ((0/(-2))/1)/(-2). Let b(u) = 0*u + p*u + 1 + 6*u**2. Calculate b(x).
7
Let x(c) = -c**2 - 11*c + 4. Suppose 0 = -6*d + 20*d + 154. Determine x(d).
4
Let r(n) = -13*n**3 - 19*n**2 - 15*n - 12. Let z(k) = -7*k**3 - 10*k**2 - 8*k - 6. Let y(t) = -6*r(t) + 11*z(t). Determine y(-4).
-2
Let f(s) = -7*s**2 + 3*s - 4. Let l(u) = -1 - 2*u - 1 + 4 + 3*u**2. Let m = 24 + -19. Let g(z) = m*l(z) + 2*f(z). Calculate g(4).
2
Let d = -4 - -4. Suppose 2 = 2*q + 2*z, 3*q = q - 3*z - 1. Suppose d*m + 2*m = -q. Let a(k) = k**2 + 5*k + 1. What is a(m)?
-5
Let c(m) = m - 7. Suppose 5*b = 2*r + 2*b - 15, 0 = 2*b + 6. Give c(r).
-4
Let v(h) = -6*h**2 + h - 8. Let y(r) = -r**3 + 6*r**2 + 7*r - 4. Let u be y(7). Let g(z) = -7*z**2 + 2*z - 9. Let j(d) = u*g(d) + 5*v(d). Give j(-3).
-13
Let u(p) = 14*p**3 + 3*p**2 - 1. Let q(t) = -t**3 - t**2. Let s(b) = 2*q(b) + u(b). What is s(-1)?
-12
Let c(z) = -3 + 3 - 2*z. Suppose 1 - 3 = 2*m. What is c(m)?
2
Let w(s) = -s + 5. Let b be w(6). Let g(z) be the third derivative of 4*z**2 + 0*z + 0 + 1/8*z**4 + 0*z**3. Give g(b).
-3
Let l(i) = -i. Let b(k) = -4*k**2 + 4*k. Let w(f) = -b(f) - 3*l(f). Let z = -3 - -4. Calculate w(z).
3
Let y(u) = -3*u**3 + 8*u**2 - 3*u + 4. Let x(z) = -8*z**3 + 23*z**2 - 8*z + 12. Let n(l) = 4*x(l) - 11*y(l). Determine n(-3).
10
Let m be (-1 - 1) + -2 - 0. Let a(l) = -7*l**3 + 2*l + 1. Let u be a(-1). Let z(v) = -7*v + 2 - 3*v**2 + v**2 - u. Determine z(m).
-8
Let p(i) be the third derivative of i**4/24 - i**3/2 + 14*i**2. Give p(0).
-3
Let m(z) = z**3 - 8*z**2 + z + 11. Let d be (-28)/(-3)*18/21. Give m(d).
19
Let v be 2/13 - (-112)/(-52). Let x(k) = -k**2 - 4*k - 3. Determine x(v).
1
Let g(v) = 2*v - 7. Let i be g(2). Let z(t) = -t**3 - 3*t**2 - 3*t + 4. What is z(i)?
13
Let p be -1 - (2 - (-4)/(-1)). Let x(s) = 2*s + 5 - 2 + p. Determine x(-4).
-4
Let r(a) = -6*a**2 - 4 + 10*a**2 + 6*a - 5*a**2. Calculate r(7).
-11
Let x(m) = m + 4. Let h(y) = -y - 6. Let b(o) = 2*h(o) + 3*x(o). Determine b(-3).
-3
Let y = 1 + -2. Suppose -4*f = -2*w - 16, 0 = -3*w - 5 - 7. Let n(m) = 6*m - 5*m + f*m. Determine n(y).
-3
Let p(u) = 2*u - 9. Suppose -14 = 5*h + 11. Let z = 11 + h. Give p(z).
3
Let t(p) be the first derivative of 2/3*p**3 - 1 + 0*p**2 + 1/2*p**4 - p. Suppose -3*c - 3 = -6*c. Give t(c).
3
Let b(c) = c**3 - c. Let h be b(1). Let g(d) be the first derivative of -d**4/4 + 6*d + 4. Give g(h).
6
Let p(v) = -v**2 + 6*v - 7. Suppose 0*z + z = 5. Let h(l) = l**3 - 4*l**2 - 3*l - 5. Let n be h(z). What is p(n)?
-2
Let v(c) = 6*c**2. Suppose 3*s + 68 = m, -2*m + 7*m = -5*s - 140. Let i = 35 + s. Let 